. List the prime factors of i.
3, 37
Let l be (12/(-10))/(3/50). Let q = 85 + l. What are the prime factors of q?
5, 13
Let y(o) = -12*o - 47. Let r(d) = -12*d - 46. Let x(b) = 3*r(b) - 2*y(b). List the prime factors of x(-14).
2, 31
Let r be ((-6)/(-33) + (-120)/176)*22. What are the prime factors of ((-44)/(-8))/r + 110/4?
3
Let v = 836 - 612. List the prime factors of v.
2, 7
Suppose 2*h - 35 = -3*h. Suppose h = -q + 24. Let z(l) = l**3 - 18*l**2 + 18*l - 11. What are the prime factors of z(q)?
2, 3
Let b(i) = -6*i + 26. Suppose 0 = -3*x + 2*h - 25, -h + 3 = -x - 4. What are the prime factors of b(x)?
2, 23
Suppose -i - 3*i = -8. Suppose -50 = -3*v + i*p, 2*p = -3*v - 37 + 107. Suppose 23*y - v*y = 102. List the prime factors of y.
2, 17
Suppose -3*a = -5*o + 10, a = 2*a. Let d(v) = 0*v**3 - 14 - 7*v**o - v**3 - 3*v + 7*v + 0*v**3. What are the prime factors of d(-8)?
2, 3
Let d = -21 - -17. Let b be (-8 - -22)/(d/(-2)). Suppose 0 = b*t - 218 + 64. List the prime factors of t.
2, 11
Let w(x) = -4*x + 228. What are the prime factors of w(9)?
2, 3
List the prime factors of -1*9 - (76 + -791).
2, 353
Suppose 3*y + 371 = z, -4*z + 155 + 109 = -2*y. List the prime factors of (-3)/(-6)*y*2/(-1).
2, 61
Suppose 5*u + 2*u = 168. Suppose 0 = -c + 22 + u. What are the prime factors of (c - (-1 + 0))*1?
47
Let j(i) = i**3 - 12*i**2 - 12*i - 10. Let b be j(13). What are the prime factors of (704/132)/((-1)/b + 1)?
2
List the prime factors of 45 + -2 + -3 - -5.
3, 5
Let a = 447 - 9. What are the prime factors of a?
2, 3, 73
Let j be (25/(-5))/(0 - 1). Suppose -j*w + 24 = -2*w. Let m = 12 - w. List the prime factors of m.
2
Let n = -10541 + 15332. What are the prime factors of n?
3, 1597
Suppose 5*a - 4426 = -0*a - k, -4*k + 889 = a. What are the prime factors of a?
3, 5, 59
Suppose 14*n - 5*n = 1872. List the prime factors of n.
2, 13
Suppose 4*l - 29 = -5*m, 4 = 4*l - 0. List the prime factors of 18/m*75/6.
3, 5
Suppose 3*l + 99 = p, 0*p + 2*l + 210 = 2*p. Suppose 0 = 6*i - 0*i - p. What are the prime factors of i?
2, 3
Let v = -1121 + 3761. What are the prime factors of v?
2, 3, 5, 11
Let a(p) be the first derivative of -p**3/3 - 21*p**2/2 - 21*p + 12. What are the prime factors of a(-14)?
7, 11
Let g = 3 + 8. Suppose g*o - 6*o - 15 = 0. List the prime factors of o.
3
Let s(o) = 48*o - 55. What are the prime factors of s(9)?
13, 29
Suppose 3248 = -9*z + 13*z + i, 4 = -i. What are the prime factors of z?
3, 271
Suppose 0 = -5*h + 2*n + 2647, 7*n + 2112 = 4*h + 11*n. List the prime factors of h.
23
Let g be (-4)/(-18) + 21/27. Let f be 1 - ((-6)/2)/g. Suppose 78 = 4*h - 3*b, 2*b = -f*h + 6*b + 80. What are the prime factors of h?
2, 3
Suppose -4*r + 5 = -11. Suppose 0 = 3*s - 2*z - 238, 0*s + 5*z - 348 = -r*s. Let j = s + -23. What are the prime factors of j?
59
Suppose -4*j = 12, c - 4*c + 5*j + 795 = 0. Suppose -5*x + c = 4*u - x, -2*u - 3*x = -135. List the prime factors of u.
2, 3, 5
Let s = 0 - -4. Suppose -s*z + 372 = -i, -3*z - 2*i + 279 = -i. What are the prime factors of z?
3, 31
Let p = -727 + 1499. List the prime factors of p.
2, 193
Let b(u) = -7*u - 10. Let a(z) = -z**3 - 7*z**2 + 11*z + 16. Let n be a(-8). What are the prime factors of b(n)?
2, 23
Suppose -a = -4*k - 5*a + 32, -2*k + 4*a = 14. Suppose r + 3*r - 369 = -5*q, -87 = -r - k*q. What are the prime factors of r?
2, 3
What are the prime factors of (1 - 0) + -2319*1/(-3)?
2, 3, 43
Suppose 2576 = -39*x + 55*x. List the prime factors of x.
7, 23
Let n(h) = -h + 12. Let u be (-672)/63 - (-1)/(-3). Let s be n(u). List the prime factors of (4 - 10)/((-2)/s).
3, 23
Let q(r) = 60 + 4*r + 7*r + r**2 - 2*r**2 - 8*r. List the prime factors of q(0).
2, 3, 5
Let a(n) = n**3 - 17*n**2 + 13*n + 7. Let u be a(16). Let o = u - -52. What are the prime factors of o?
11
Let j = -23 - -26. Suppose -147 = -j*h - 0*h. List the prime factors of h.
7
Let j(n) = 8*n**2 + 7*n - 14. Let r be j(-7). Suppose 3*l - r = -5*x, l + 133 = 2*l - 3*x. What are the prime factors of l?
2, 59
Let t be (-4)/(4*-2)*4. Suppose -4*j = -2 - t, 5*i + 4*j - 19 = 0. What are the prime factors of (-6 - -12)/(i - 1)?
3
Let v(n) be the third derivative of -n**6/120 + n**5/60 - n**4/8 - n**3/6 - 5*n**2. Let d = 4 - 6. What are the prime factors of v(d)?
17
Let p be 3 + -79 + 1/((-2)/(-8)). List the prime factors of 16/p + 1/((-18)/(-886)).
7
Let d be 1/(-3)*(-72)/6. Suppose 2*q + 2 = d*p, q + 6 = 5*p - 4. Suppose -2*a - 84 = -6*a + 3*k, -q*a + k + 105 = 0. What are the prime factors of a?
3, 7
Let l(v) = -5*v**3 + 15*v**2 - 8*v + 1. Let d(p) = -14*p**3 + 44*p**2 - 23*p + 3. Let g(n) = 6*d(n) - 17*l(n). List the prime factors of g(-8).
3
Let y be 1 + -3 - (-311 - (0 + 4)). Suppose -5*t = 93 - y. What are the prime factors of t?
2, 11
Let u be (2 - -4) + (5 - 3). Suppose 2*t - 6 = 4*g, -4*t = 3*g - u - 4. What are the prime factors of t?
3
Let f = -152 + 178. Let h = f + 264. List the prime factors of h.
2, 5, 29
Let j(g) = 27*g + 1. Let v be j(1). Suppose -4*o + v = 2*b, -3*o + 12 = -6*o. What are the prime factors of b?
2, 11
Let m(u) be the first derivative of u**2 + 34*u + 3. List the prime factors of m(-11).
2, 3
Suppose 0 = i + 2*u - 2 - 9, -3*u = 2*i - 17. List the prime factors of ((-720)/(-28) - i) + 4/14.
5
Let z(l) = l**3 - 2*l**2 - l + 569. What are the prime factors of z(0)?
569
Let s be ((-90)/7)/(-5) - 3/(-7). Suppose -s*n + 80 = 2*n. What are the prime factors of n?
2
Let q(l) = l**2 - 1. Let f(z) = 2*z**2 + 4. Let b(w) = -f(w) + q(w). Let s be b(0). Let o = s + 13. List the prime factors of o.
2
Suppose -418 = -r + 3*y + 396, -4118 = -5*r + 3*y. What are the prime factors of r?
2, 7, 59
Let w(k) = k**2 - 10*k + 19. Let s be w(8). Suppose -2*b - s*m + 195 = 2*m, 315 = 3*b + 3*m. List the prime factors of b.
2, 5, 11
Let g(r) = r**2 - 10*r + 14. Let q be g(6). Let t be ((-12)/10)/(q/50). Suppose t*x = 55 + 137. List the prime factors of x.
2
Let w(c) = -5*c**3 + 0*c + 5*c**2 + 4*c**3 - 4*c + 2. Let r be w(4). Suppose 3*t + r*g - 30 = 0, 0 = 2*g + 2*g. List the prime factors of t.
2, 5
Let n(q) = 5*q**2 - 7*q. Let o be n(6). Suppose 4*t = -o + 330. Suppose -3*b = -b - t. List the prime factors of b.
2, 3
Suppose -5*m = -0*m + 20. What are the prime factors of (-156)/m + -1 + -1?
37
Suppose -10*d = -9*d - 1. Let u = d - -15. What are the prime factors of u?
2
Suppose 0 = -26*f + 6*f + 59700. List the prime factors of f.
3, 5, 199
Let w(l) = -25*l**2 + 2*l - 2. Let y be w(1). Let d = y - -124. What are the prime factors of d?
3, 11
Let f = -813 + 1681. List the prime factors of f.
2, 7, 31
Let c = 9894 - 5506. What are the prime factors of c?
2, 1097
Let z(r) be the third derivative of r**5/60 + 7*r**4/24 + 7*r**3/6 - 4*r**2. Let k be z(-7). Let b(v) = v**3 - 8*v**2 + 9*v + 4. List the prime factors of b(k).
2, 3
Suppose -21*p + 14*p - 1036 = 0. Let k = 258 + p. List the prime factors of k.
2, 5, 11
Let r(o) = 6*o**3 + 5*o + 9 - 4 - 8*o**3 - 3*o**2. Let m be r(-4). Suppose 5*k - m = 5*n, 0 = k + 3*n + 2*n - 37. List the prime factors of k.
17
List the prime factors of 9 + 0 - (-5160 - 8).
31, 167
Suppose -20*p + 1232 = -13*p. List the prime factors of p.
2, 11
Suppose -4*h = h - 20. Suppose 0 = h*k - 19 - 13. Let s = -3 + k. What are the prime factors of s?
5
Suppose 7*w = -0*w + 49. Let s(z) = 30*z - 26. What are the prime factors of s(w)?
2, 23
Let p be 4/14 - 390/(-7). Let a(y) = y**2 + 4*y - 3. Let f be a(1). List the prime factors of p + f*9/6.
59
Let k be 6/(((-5)/8)/(-5)). Let h = k + -13. What are the prime factors of h?
5, 7
Let a be 6*3/(-6) - -4. Let c = a - -8. Suppose -4*z - 24 = -c*z - v, z - v = 0. What are the prime factors of z?
2
Let t be (-1 - 0)/((-1)/(-9)). Let v be ((-148)/6)/(2/t). Suppose -9 = -5*c + v. What are the prime factors of c?
2, 3
What are the prime factors of 5 + -8 - -8 - -458?
463
Suppose 0 = -5*r + 10*r - 2*x - 1442, 3*r - 859 = -5*x. List the prime factors of r.
2, 3
Let x = -38 + 43. Suppose -x*c + 4*v = -8, 2*c + 5*v - 17 = 2*v. What are the prime factors of c?
2
Let j(p) = 8*p**2 + 2*p - 19. List the prime factors of j(-6).
257
Let i = -193 + 879. List the prime factors of i.
2, 7
Let j = -819 - -1177. What are the prime factors of j?
2, 179
Let t = -47 + 49. Suppose 0 = -t*x +